 when 2557 is divided by 128.
125
Calculate the remainder when 1455 is divided by 28.
27
Calculate the remainder when 253 is divided by 88.
77
Calculate the remainder when 110 is divided by 14.
12
What is the remainder when 48 is divided by 2?
0
Calculate the remainder when 2824 is divided by 25.
24
Calculate the remainder when 83 is divided by 41.
1
What is the remainder when 9500 is divided by 132?
128
What is the remainder when 161 is divided by 18?
17
What is the remainder when 33519 is divided by 16?
15
Calculate the remainder when 5201 is divided by 43.
41
Calculate the remainder when 1079 is divided by 33.
23
What is the remainder when 2893 is divided by 18?
13
What is the remainder when 572 is divided by 23?
20
Calculate the remainder when 64 is divided by 51.
13
What is the remainder when 3473 is divided by 16?
1
Calculate the remainder when 3578 is divided by 3555.
23
Calculate the remainder when 90 is divided by 12.
6
Calculate the remainder when 706 is divided by 147.
118
Calculate the remainder when 210 is divided by 45.
30
What is the remainder when 55 is divided by 25?
5
What is the remainder when 119 is divided by 41?
37
What is the remainder when 2490 is divided by 53?
52
What is the remainder when 2110 is divided by 132?
130
What is the remainder when 2821 is divided by 113?
109
What is the remainder when 8 is divided by 2?
0
What is the remainder when 742 is divided by 26?
14
Calculate the remainder when 18300 is divided by 352.
348
What is the remainder when 198 is divided by 10?
8
What is the remainder when 8575 is divided by 9?
7
Calculate the remainder when 125 is divided by 34.
23
What is the remainder when 2955 is divided by 51?
48
What is the remainder when 382 is divided by 121?
19
Calculate the remainder when 1024 is divided by 57.
55
What is the remainder when 714 is divided by 80?
74
Calculate the remainder when 320 is divided by 59.
25
What is the remainder when 1086 is divided by 85?
66
Calculate the remainder when 44 is divided by 21.
2
What is the remainder when 3660 is divided by 1217?
9
Calculate the remainder when 857 is divided by 86.
83
What is the remainder when 990 is divided by 32?
30
Calculate the remainder when 1304 is divided by 51.
29
What is the remainder when 5393 is divided by 135?
128
Calculate the remainder when 48 is divided by 15.
3
Calculate the remainder when 123 is divided by 42.
39
Calculate the remainder when 78 is divided by 29.
20
Calculate the remainder when 352 is divided by 189.
163
Calculate the remainder when 730 is divided by 74.
64
What is the remainder when 166 is divided by 56?
54
Calculate the remainder when 132 is divided by 47.
38
What is the remainder when 715 is divided by 38?
31
What is the remainder when 13 is divided by 5?
3
Calculate the remainder when 347 is divided by 22.
17
What is the remainder when 60 is divided by 22?
16
What is the remainder when 797 is divided by 17?
15
What is the remainder when 73129 is divided by 94?
91
Calculate the remainder when 5981 is divided by 315.
311
Calculate the remainder when 27 is divided by 18.
9
What is the remainder when 237 is divided by 7?
6
Calculate the remainder when 137 is divided by 18.
11
Calculate the remainder when 42 is divided by 33.
9
Calculate the remainder when 921 is divided by 14.
11
What is the remainder when 370 is divided by 124?
122
What is the remainder when 349 is divided by 28?
13
What is the remainder when 45 is divided by 34?
11
What is the remainder when 1098 is divided by 20?
18
What is the remainder when 90 is divided by 39?
12
What is the remainder when 2023 is divided by 75?
73
What is the remainder when 384 is divided by 16?
0
What is the remainder when 939 is divided by 273?
120
What is the remainder when 4961 is divided by 17?
14
Calculate the remainder when 549 is divided by 94.
79
What is the remainder when 5378 is divided by 93?
77
Calculate the remainder when 78 is divided by 44.
34
What is the remainder when 968 is divided by 97?
95
What is the remainder when 24 is divided by 14?
10
Calculate the remainder when 371 is divided by 190.
181
What is the remainder when 1193 is divided by 49?
17
What is the remainder when 39 is divided by 5?
4
Calculate the remainder when 66 is divided by 12.
6
What is the remainder when 166 is divided by 47?
25
What is the remainder when 255 is divided by 7?
3
Calculate the remainder when 15 is divided by 5.
0
Calculate the remainder when 143 is divided by 50.
43
What is the remainder when 301 is divided by 52?
41
What is the remainder when 1444 is divided by 43?
25
Calculate the remainder when 452 is divided by 8.
4
Calculate the remainder when 994 is divided by 330.
4
What is the remainder when 248 is divided by 96?
56
What is the remainder when 1245 is divided by 16?
13
Calculate the remainder when 83 is divided by 21.
20
Calculate the remainder when 755 is divided by 31.
11
Calculate the remainder when 59 is divided by 48.
11
What is the remainder when 2677 is divided by 206?
205
What is the remainder when 549 is divided by 23?
20
Calculate the remainder when 1860 is divided by 306.
24
Calculate the remainder when 139 is divided by 82.
57
What is the remainder when 137 is divided by 14?
11
Calculate the remainder when 267 is divided by 77.
36
Calculate the remainder when 2827 is divided by 45.
37
What is the remainder when 1025 is divided by 19?
18
Calculate the remainder when 3861 is divided by 1925.
11
What is the remainder when 299 is divided by 15?
14
What is the remainder when 30 is divided by 11?
8
What is the remainder when 842 is divided by 66?
50
Calculate the remainder when 44 is divided by 28.
16
Calculate the remainder when 362 is divided by 127.
108
Calculate the remainder when 225 is divided by 29.
22
What is the remainder when 1572 is divided by 7?
4
What is the remainder when 13 is divided by 12?
1
Calculate the remainder when 124 is divided by 16.
12
Calculate the remainder when 502 is divided by 84.
82
What is the remainder when 162 is divided by 90?
72
What is the remainder when 258 is divided by 161?
97
What is the remainder when 154 is divided by 54?
46
Calculate the remainder when 4991 is divided by 20.
11
Calculate the remainder when 242 is divided by 72.
26
What is the remainder when 6528 is divided by 43?
35
Calculate the remainder when 24252 is divided by 307.
306
Calculate the remainder when 1952 is divided by 163.
159
What is the remainder when 146 is divided by 41?
23
What is the remainder when 294 is divided by 87?
33
Calculate the remainder when 830 is divided by 17.
14
What is the remainder when 9148 is divided by 30?
28
Calculate the remainder when 1827 is divided by 23.
10
Calculate the remainder when 6 is divided by 3.
0
What is the remainder when 2424 is divided by 220?
4
Calculate the remainder when 1832 is divided by 12.
8
Calculate the remainder when 5614 is divided by 26.
24
What is the remainder when 179 is divided by 26?
23
Calculate the remainder when 58947 is divided by 150.
147
Calculate the remainder when 24 is divided by 13.
11
What is the remainder when 238 is divided by 10?
8
What is the remainder when 7322 is divided by 33?
29
What is the remainder when 117 is divided by 21?
12
What is the remainder when 3779 is divided by 15?
14
Calculate the remainder when 978 is divided by 122.
2
What is the remainder when 1379 is divided by 92?
91
Calculate the remainder when 48 is divided by 7.
6
What is the remainder when 75267 is divided by 10?
7
What is the remainder when 670 is divided by 84?
82
What is the remainder when 4721 is divided by 175?
171
Calculate the remainder when 193 is divided by 177.
16
What is the remainder when 780 is divided by 14?
10
Calculate the remainder when 256 is divided by 3.
1
What is the remainder when 615 is divided by 150?
15
Calculate the remainder when 1389 is divided by 363.
300
What is the remainder when 19706 is divided by 13?
11
Calculate the remainder when 861 is divided by 70.
21
What is the remainder when 317 is divided by 168?
149
What is the remainder when 138 is divided by 25?
13
Calculate the remainder when 777 is divided by 9.
3
Calculate the remainder when 313 is divided by 45.
43
Calculate the remainder when 610 is divided by 62.
52
What is the remainder when 